Let x(m) be the second derivative of 17*m**4/2 + m**3/6 - m**2 - 36*m. What are the prime factors of x(-2)?
2, 101
Let g(y) = -3*y**3 - 94*y**2 - 38*y - 76. List the prime factors of g(-33).
37, 179
Let l(j) = -j**3 - 5*j**2 - j - 2. Let w be l(-5). Suppose -w*y + 0 = -18. List the prime factors of (75/(-10))/(y/(-64)).
2, 5
List the prime factors of -15 - -5 - -1806 - 6.
2, 5, 179
Let x(u) = -u**3 + 9*u**2 - 7*u + 7. Let f be 15*(2 - 20/12). Let z be x(f). Suppose -3*d + d = -z. List the prime factors of d.
2, 3
Suppose -1073*h - 496179 = -1138*h + 2808031. What are the prime factors of h?
2, 7, 3631
Let p(t) = 3438*t - 2903. What are the prime factors of p(9)?
11, 2549
Suppose -18 = -3*n, -7*s + 27*n = 29*n - 91971. List the prime factors of s.
3, 29, 151
Suppose -5*p + 6*d = 3*d - 337, 5*d + 85 = p. Let t = p + 20. Suppose x - 29 = 3*a + t, 4*a + 118 = x. List the prime factors of x.
2, 3, 17
Suppose 2 = -2*g - 0, k + g = 307. Suppose 14*i = 3*i - k. List the prime factors of 0 + 64 - (i/4)/(-7).
3, 7
Suppose 5*x - 7*x - 7*b + 57330 = 0, 0 = 4*x - 4*b - 114552. What are the prime factors of x?
2, 3, 7, 11, 31
Suppose 2 + 7 = -3*s. Let b(f) = -10*f + 1. List the prime factors of b(s).
31
Let f(c) = -c + 8. Let d be f(3). Let g(h) = h**3 - 3*h + 2. Let t be g(-2). Suppose d*m - 850 = v, t*m = -2*m - v + 347. What are the prime factors of m?
3, 19
Let z = 203 - 301. Let p = z - -169. List the prime factors of p.
71
Suppose 0 = -4*o + u + 24104, 3*o - 2*o - 3*u - 6004 = 0. What are the prime factors of o?
2, 11, 137
Suppose 4*g + 112402 = 3*m - 58488, -4*g + 113880 = 2*m. List the prime factors of m.
2, 28477
Let j(n) = 1168*n + 1976. List the prime factors of j(8).
2, 5, 283
Let l be (-6796)/32 - 30/(-80). Let i = 470 - l. List the prime factors of i.
2, 11, 31
Let d = 28 + -26. Suppose a + 13 + 11 = 3*x, x - d*a - 8 = 0. Suppose x*w = 6*w + 72. List the prime factors of w.
2, 3
Suppose 18 - 8 = -5*z, -5*j = -2*z - 289. Suppose -67*m + 5100 = -j*m. List the prime factors of m.
2, 3, 5, 17
Let w(x) = -3*x**3 - x**2 + 200*x - 34. List the prime factors of w(-14).
2, 3, 17
Let h(n) = 272*n + 2466. What are the prime factors of h(70)?
2, 10753
List the prime factors of 224086/(-114)*1*-3.
5897
Suppose 30*i - 33*i = 21, 4*t - 36365 = -5*i. List the prime factors of t.
2, 5, 7, 13
Let x(q) = -q**2 - 16*q + 8. Let t be x(-18). Let o be 7/(t/(-6))*(-2)/(-1). List the prime factors of (-1)/(12/(-724)) + 2/o.
61
Let v = -11748 + 40583. List the prime factors of v.
5, 73, 79
Let o(d) = 105*d**2 - 10*d + 11. Suppose 0 = -2*z + v + 4, 0 - 1 = -3*z - v. List the prime factors of o(z).
2, 53
Suppose 21*y - 25*y - 5*w = -65014, w - 16252 = -y. What are the prime factors of y?
2, 8123
Let m = -52 - -55. Suppose 0 = -4*r - 2*j, -3*r - m*j - j - 10 = 0. Suppose -k - r*q = -85, 4*k + 5*q - 384 + 29 = 0. What are the prime factors of k?
5, 19
Let p(a) = 3*a**3 + 15*a**2 - 4*a + 4. What are the prime factors of p(2)?
2, 5
Suppose 4*c + 4*u = -7 + 23, -5*u = -c + 16. Suppose -c*n = -22 - 14. Suppose n*r - 346 - 14 = 0. List the prime factors of r.
2, 3, 5
Let x = -909 + 1782. Suppose -3*m + x + 1015 = 2*v, 3*v + m = 2839. What are the prime factors of v?
947
Let q(i) = 0*i**3 + i**3 + 18*i**2 + 15*i + 3*i + 37 - 32*i + 2*i. List the prime factors of q(-12).
5, 11, 19
Let m = -65 - -62. Let r(s) = -4*s**3 + 7*s + 17. List the prime factors of r(m).
2, 13
What are the prime factors of (479094/1708)/(((-2790)/556)/(-5) - 1)?
3, 11, 17, 139
Let k(o) = o**3 - 3*o**2 + o + 1. Let v be k(3). Suppose 2*g + 3712 = 6*g. List the prime factors of ((-6)/v)/(3 + (-2796)/g).
2, 29
Let s = 172 + -93. Let k = s - 75. List the prime factors of 1*(-4 + 4 - k - -107).
103
Suppose -76*j + 382748 = 27*j. What are the prime factors of j?
2, 929
Suppose 2*m - 3*d = 0, 5*m - 3*d = 2*d. Suppose 11*t + 5*y = 6*t + 7195, m = -4*t - 2*y + 5746. List the prime factors of t.
2, 3, 239
Let a = -88930 + 131428. List the prime factors of a.
2, 3, 787
Let m = -233 + 416. Let z = m + 582. List the prime factors of z.
3, 5, 17
Let p(s) = s - 24. Let j be p(10). Let k be 1 - (3/1 - (-11 - j)). What are the prime factors of ((-393)/(-6))/(k/2)?
131
Suppose 25204 = 2*i - 3*s, -6*s + 5*s = -5*i + 63023. List the prime factors of i.
5, 2521
Let g(a) = a**2 + 9*a + 4. Let q be g(-10). Suppose -1384 = -12*d + q*d. List the prime factors of (-2)/(-6) - d/12.
2, 29
Let k = 34591 + -23630. List the prime factors of k.
97, 113
Suppose -x = -4*y - 2, 5*x - 52 = 7*y - 8*y. Suppose 4*m = v - 157, 5*m + 10 + x = 0. What are the prime factors of v?
3, 47
Let z = -6388 + 4333. Let x = -1196 - z. List the prime factors of x.
859
Let u be (-3860)/40*(1 + -9). Let c = u + -220. What are the prime factors of c?
2, 3, 23
What are the prime factors of (-62)/((-29)/(89436/24))?
31, 257
Suppose 4061297 + 4950376 = 227*p. What are the prime factors of p?
3, 11, 401
Let f(t) = 7825*t - 5368. What are the prime factors of f(5)?
33757
Let a(k) = 52*k**2 + 387*k - 50. List the prime factors of a(14).
2, 5, 389
Suppose 3*g + w - 5*w - 8 = 0, 5*w = 5*g - 10. Suppose h = 5*u + 288, g = 3*h - 5*h + 5*u + 581. List the prime factors of h.
293
Let s be (-3 - -2710) + (-4 - (6 + -7)). Suppose -38*n + 22*n = -s. What are the prime factors of n?
13
Let o = -4894 + 5279. What are the prime factors of o?
5, 7, 11
Suppose -10 = -12*h + 14. What are the prime factors of (76/h + -5)*17?
3, 11, 17
Let x(h) = 2*h**2 - 3*h + 6. Let j be x(3). Let f(v) = -v**3 + 14*v**2 + 33*v + 11. What are the prime factors of f(j)?
281
Suppose 0 = 3*f + 108*q - 105*q - 65433, 4*f + q = 87262. What are the prime factors of f?
21817
Let j = -3628 + 10170. List the prime factors of j.
2, 3271
Suppose 11*r - 50*r + 500355 = 6*r. List the prime factors of r.
11119
Suppose -36*j + 9*j = -94824. Suppose 1102 = 2*v - 2*t, 5*v + 797 = -5*t + j. What are the prime factors of v?
547
Suppose 3*t + 4*x = t - 16, 4*t + x = 3. Suppose -2*k = 3*r + 2*r - 969, t*r = 5*k - 2379. List the prime factors of ((-6)/(-2))/(27/k).
53
Let q(w) = w**3 + 8*w**2 + 5*w - 11. Let f be q(-7). Suppose x - 2*x + f*j = -67, -4*x = 5*j - 285. Suppose -260 = -2*d - x. List the prime factors of d.
5, 19
Let l be (((-52)/13)/(-2))/2. Let v(x) = 11*x**2 + 1. Let g be v(-1). What are the prime factors of 3/(g/(-16)) + 140/l?
2, 17
Suppose 4*o - 13030 = -3*b, -3*b + 4*o + 12994 = -o. Suppose -19478 - b = 13*i. List the prime factors of i/(-10) + 13/(-65).
3, 61
Suppose -4*m + 4*f = 32, f - 24 = -12*m + 17*m. Let q(u) be the second derivative of -8*u**3/3 - 3*u**2/2 - u. What are the prime factors of q(m)?
61
Let i be (8*7/56 - -4) + 24. Suppose 5*s = -2*g + 227, 0*s - 650 = -5*g + 4*s. Let h = i + g. What are the prime factors of h?
5, 31
List the prime factors of (-15)/1080*-16 + (790494/27)/2.
14639
Let a be -10*(-4 + (-34)/(-10)). Suppose 5*z - 3*l - 361 = -a*l, z = 4*l + 86. List the prime factors of z.
2, 37
Suppose 4*l + 0*x + 4 = 4*x, 4*x + 44 = -4*l. List the prime factors of l*(-1)/2 - 3094/(-7).
5, 89
Suppose 214292 = -56*p + 216141 + 1089199. List the prime factors of p.
19483
Let u be (-1 - -4) + -3 + 2. Let r(z) = 7 - u - 3*z**3 - 4*z - z**2 + 13*z**2 + 2*z**3. What are the prime factors of r(6)?
197
Let t = -28 + 42. Suppose 5*f - t - 1 = 0. Suppose 3*c = -f*m + 363, 5*m - 691 = c - 92. What are the prime factors of m?
2, 3, 5
Let l(v) = 4*v - 45. Let a be l(24). Suppose -53*b = -a*b. Suppose b = -f - 4*t + 106, -3*f + 59 = 4*t - 251. What are the prime factors of f?
2, 3, 17
Let z = -8852 - -19770. List the prime factors of z.
2, 53, 103
Suppose -5 = -5*r, 4*d - 24747 = 4*r - 2435. What are the prime factors of d?
7, 797
Let k(w) = 9 + 3*w**2 + w**2 + 0*w + 9*w - 3*w**2. List the prime factors of k(24).
3, 89
Let n(q) = -94*q**3 + 3*q**2 + 16*q + 5. Let o be n(5). List the prime factors of (-18)/(-126) - o/14.
2, 3, 23
Suppose -48*m + 49*m = 104. Let s be 56/(-24) + 3 - m/(-6). Let n(i) = i**2 - 11*i - 5. What are the prime factors of n(s)?
11
Let t(o) = -39*o + 71. Let p be t(-7). Let i = p + 35. List the prime factors of i.
379
List the prime factors of (216/(-3) - -1)/(((-8)/146)/4).
71, 73
Let k be (6 - 27)/(-3) - -5267. Suppose -120*t = -111*t - k. List the prime factors of t.
2